-2?
-10021
In base 2, what is -11 - 110001?
-110100
In base 10, what is -1 - 8?
-9
In base 14, what is -2 + -55?
-57
In base 13, what is 8a6 + 3?
8a9
In base 13, what is -42b - -4?
-427
In base 12, what is 3 - 3?
0
In base 10, what is 62 + -12?
50
In base 15, what is -1 + 1044?
1043
In base 13, what is -b + -1?
-c
In base 2, what is 1000 - 11101100001?
-11101011001
In base 14, what is -21a - -2?
-218
In base 11, what is 9 - 1854?
-1846
In base 4, what is 1223 + 11?
1300
In base 4, what is -10220 - 10?
-10230
In base 12, what is 6 + 89?
93
In base 9, what is 201 - 2?
188
In base 8, what is -10672 - -2?
-10670
In base 14, what is -23 - 6?
-29
In base 13, what is 280 + -3?
27a
In base 7, what is 3 - 11200?
-11164
In base 4, what is 2 - 10310?
-10302
In base 7, what is -1120 + -1?
-1121
In base 9, what is -3115 - 2?
-3117
In base 15, what is 6 - 0?
6
In base 9, what is 44 + -147?
-103
In base 15, what is -7d + -4?
-82
In base 14, what is 5 + 16?
1b
In base 6, what is 2221 + 32?
2253
In base 16, what is -5d + -4?
-61
In base 14, what is 2c8 - 5?
2c3
In base 11, what is 3 + 157?
15a
In base 7, what is 151526 + -4?
151522
In base 3, what is -211 - -10120?
2202
In base 11, what is -7 - 106?
-112
In base 10, what is 38 + -242?
-204
In base 14, what is 1 + 1?
2
In base 6, what is -233 + -2?
-235
In base 2, what is 101 + -111110?
-111001
In base 7, what is 12421 + -5?
12413
In base 3, what is 2221 - 11?
2210
In base 2, what is -1000 + -10010111?
-10011111
In base 3, what is 0 + -2201?
-2201
In base 7, what is -6454 - 3?
-6460
In base 11, what is -13 + -6?
-19
In base 13, what is -19 + 113?
c7
In base 4, what is 1 - 2310?
-2303
In base 5, what is -112 + -210?
-322
In base 3, what is 1 - -11012?
11020
In base 9, what is 37787 + 1?
37788
In base 16, what is e4 - -e?
f2
In base 10, what is 2 + -475?
-473
In base 13, what is 3 - -a?
10
In base 14, what is -9 - 25?
-30
In base 13, what is 909 - -3?
90c
In base 10, what is -4137 - 0?
-4137
In base 14, what is 193a + -5?
1935
In base 2, what is 1001 + -100?
101
In base 10, what is -162 - -9?
-153
In base 7, what is 252 + -1?
251
In base 10, what is -553 + 7?
-546
In base 15, what is -b2 + 5?
-ac
In base 10, what is 3 - 12?
-9
In base 3, what is 10 - -1100002?
1100012
In base 8, what is 0 - -2026?
2026
In base 14, what is -2 + 245?
243
In base 11, what is aa0 - 19?
a82
In base 13, what is 4 + -4?
0
In base 12, what is -6 - 2021?
-2027
In base 3, what is -1210 + -10?
-1220
In base 5, what is 31 + -24?
2
In base 5, what is 2 + -322?
-320
In base 3, what is -11201 - -201?
-11000
In base 5, what is -330 - -2?
-323
In base 12, what is -286 - -19?
-269
In base 12, what is -8 - 16?
-22
In base 4, what is 230001 - -2?
230003
In base 13, what is 12c + 0?
12c
In base 11, what is 1 - 21?
-20
In base 3, what is 12 - 100101111?
-100101022
In base 12, what is 6a0 - -19?
6b9
In base 10, what is -6 + 43?
37
In base 14, what is 2 - -16a?
16c
In base 6, what is -342 + -14?
-400
In base 7, what is -100 - 1?
-101
In base 3, what is 1110 + -120?
220
In base 6, what is -415 - 5?
-424
In base 16, what is 13 - -cd?
e0
In base 11, what is 549 + 10?
559
In base 5, what is -11020 - 21?
-11041
In base 6, what is -1 + 51?
50
In base 10, what is 1411 + 2?
1413
In base 7, what is 26 - 12?
14
In base 15, what is 2 - -20?
22
In base 14, what is 13 + -1?
12
In base 2, what is -1010 - -1011011000?
1011001110
In base 6, what is 0 + -3034?
-3034
In base 5, what is -33 + -2?
-40
In base 12, what is -22 + 60?
3a
In base 6, what is -1300 - -4?
-1252
In base 12, what is -3 + 2?
-1
In base 9, what is -161 + -51?
-222
In base 8, what is 5377 - -5?
5404
In base 2, what is -1010100110001 + 0?
-1010100110001
In base 14, what is -7 - -7a?
73
In base 7, what is -32 + -256?
-321
In base 10, what is 3 - -80?
83
In base 6, what is -25 + -150?
-215
In base 14, what is 7 + -65?
-5c
In base 7, what is 0 - 55?
-55
In base 3, what is -12200 + 220?
-11210
In base 6, what is 4 + 331?
335
In base 3, what is -11 - -12?
1
In base 6, what is -5 - -113?
104
In base 6, what is 5 - 20?
-11
In base 12, what is 3 - 4129?
-4126
In base 3, what is -1001 - -112?
-112
In base 10, what is 4 + 61?
65
In base 13, what is -2 + 63?
61
In base 16, what is a4 - 3?
a1
In base 16, what is d9d - 5?
d98
In base 9, what is -1 + -65?
-66
In base 3, what is -221 + 220?
-1
In base 16, what is -5435 - -4?
-5431
In base 2, what is -10 - -110101?
110011
In base 4, what is -20021 - -301?
-13120
In base 10, what is -206 + -3?
-209
In base 4, what is 3 - 2301?
-2232
In base 9, what is 1543 + -2?
1541
In base 5, what is 20 - 122?
-102
In base 16, what is 1 - 841?
-840
In base 15, what is d5 + 5?
da
In base 5, what is 41 - 1?
40
In base 15, what is 18 + 65?
7d
In base 16, what is 9 - -a6?
af
In base 3, what is -10202221 + 11?
-10202210
In base 8, what is -1760 + -5?
-1765
In base 10, what is -10675 + 2?
-10673
In base 2, what is 1010 - -1001011?
1010101
In base 10, what is 0 - -2044?
2044
In base 12, what is 13 + -7b?
-68
In base 12, what is -bb + -2?
-101
In base 11, what is 292 - 0?
292
In base 11, what is -19989 - -1?
-19988
In base 4, what is 233132 + -1?
233131
In base 12, what is -88 + -37?
-103
In base 15, what is 1d - 8?
15
In base 10, what is 11 - -6?
17
In base 3, what is 111102 + 112?
111221
In base 13, what is -40a + -5?
-412
In base 15, what is 1b + -1d?
-2
In base 2, what is 11110110011 - 1011?
11110101000
In base 11, what is 4 - 14?
-10
In base 6, what is -4144 - 5?
-4153
In base 16, what is -14 - -18?
4
In base 4, what is -111132 - 0?
-111132
In base 16, what is -2 - -1d?
1b
In base 3, what is 1120 + -12?
1101
In base 14, what is -ba + -1?
-bb
In base 12, what is -31 + 4?
-29
In base 9, what is 5 - -1215?
1221
In base 12, what is 4 + 1bb?
203
In base 5, what is -21 + -132?
-203
In base 9, what is -5 - 2164?
-2170
In base 16, what is -3 - -5a6?
5a3
In base 14, what is 3 - 11?
-c
In base 11, what is -8 + 8?
0
In base 11, what is 22 + -522?
-500
In base 2, what is -1111 + 100?
-1011
In base 5, what is -4 - -13242?
13233
In base 7, what is -25 - 132?
-160
In base 5, what is -10442 + 4?
-10433
In base 2, what is 1101101011001 + 1?
1101101011010
In base 8, what is 10 - -136?
146
In base 9, what is -3 - -244?
241
In base 6, what is 4 + 1533?
1541
In base 14, what is -4 - 298?
-29c
In base 11, what is 19 - -172?
190
In base 13, what is 115 + -a?
108
In base 8, what is 4011 - 2?
4007
In base 10, what is -477 + 2?
-475
In base 9, what is 36611 - 2?
36608
In base 15, what is -b1 + -3?
-b4
In base 8, what is -5 + 46?
41
In base 11, what is 986 - 3?
983
In base 13, what is -1383 - 3?
-1386
In base 5, what is -22 + 244?
222
In base 15, what is -5 + 7?
2
In base 15, what is 16 + -12b?
-115
In base 14, what is -3 - -32a?
327
In base 6, what is -1042 + -3?
-1045
In base 7, what is 44366 + 0?
44366
In base 6, what is -2 - -313?
311
In base 12, what is -2 - 32a?
-330
In base 13, what is -5 - -10?
8
In base 4, what is 202310 + 11?
202321
In base 6, what is 11 + -143?
-132
In base 16, what is -16b - 5?
-170
In base 8, what is 3335 - 4?
3331
In base 5, what is -23 + -1432?
-2010
In base 15, what is -6 + 261?
25a
In base 2, what is -1001111111 - -101001?
-1001010110
In base 12, what is -21 + 139?
118
In base 15, what is 2ce + -2?
2cc
In base 7, what is 1003 - 1?
1002
In base 15, what is e - -30?
3e
In base 10, what is -8 - 125?
-133
In base 12, what is -486 + 4?
-482
In base 8, what is 162 + -3?
157
In base 15, what is -1 - -67c?
67b
In base 6, what is 2 - -4331?
4333
In base 3, what is -211 + -2?
-220
In base 9, what is -26 + 120?
83
In base 10, what is 346 + 0?
346
In base 15, what is 455 + -4?
451
In base 16, what is -1c + -16?
-32
In base 3, what is -2101 + 11?
-2020
In base 11, what is -1 - -19?
18
In base 12, what is -297 + 9?
-28a
In base 6, what is -14 + -55?
-113
In base 16, what is -2e - -9?
-25
In base 10, what is 373 + 1?
374
In base 10, what is 107 + 1?
108
In base 5, what is 244 + 1?
300
In base 2, what is -1 - 1000110010?
-1000110011
In base 5, what is -3 + 30?
22
In base 6, what is -2 - 3355?
-3401
In base 6, what is -251431 - 2?
-251433
In base 12, what is -8 + 12a?
122
In base 2, what is 1100 + 10100011?
10101111
In base 2, what is 10 + -1100?
-1010
In base 5, what is -30 - -34?
4
In base 